d by 121.
109
Calculate the remainder when 6849130 is divided by 69.
52
What is the remainder when 49486778 is divided by 182608?
10
What is the remainder when 63904 is divided by 3056?
2784
What is the remainder when 591329 is divided by 197094?
47
What is the remainder when 10591117 is divided by 357?
355
Calculate the remainder when 30409 is divided by 15068.
273
What is the remainder when 195151 is divided by 24376?
143
What is the remainder when 70633348 is divided by 15?
13
What is the remainder when 1317459 is divided by 1361?
11
Calculate the remainder when 2477275 is divided by 4529.
4441
What is the remainder when 289116 is divided by 3275?
916
What is the remainder when 155872 is divided by 154460?
1412
Calculate the remainder when 313068 is divided by 1151.
1147
Calculate the remainder when 225935 is divided by 644.
535
Calculate the remainder when 10336767 is divided by 79.
12
Calculate the remainder when 9051259 is divided by 3016917.
508
Calculate the remainder when 2132106 is divided by 389.
386
Calculate the remainder when 572477864 is divided by 437.
435
What is the remainder when 5209587 is divided by 77?
75
Calculate the remainder when 145035 is divided by 538.
313
What is the remainder when 9831925 is divided by 20612?
1
Calculate the remainder when 24057 is divided by 24022.
35
Calculate the remainder when 21297016 is divided by 22001.
48
What is the remainder when 72926347 is divided by 3982?
3981
Calculate the remainder when 13030027 is divided by 635.
462
Calculate the remainder when 15542008 is divided by 707.
27
Calculate the remainder when 1196898 is divided by 20636.
10
What is the remainder when 135951 is divided by 7046?
2077
What is the remainder when 1233 is divided by 798?
435
Calculate the remainder when 1091322 is divided by 516.
498
What is the remainder when 14967924 is divided by 32?
20
Calculate the remainder when 669272 is divided by 334628.
16
Calculate the remainder when 1465810 is divided by 3362.
3340
What is the remainder when 524308455 is divided by 10238?
10237
Calculate the remainder when 5287193 is divided by 258.
257
What is the remainder when 273460 is divided by 1024?
52
Calculate the remainder when 131796676 is divided by 249143.
29
What is the remainder when 301713 is divided by 37714?
1
What is the remainder when 17073405 is divided by 1356?
9
What is the remainder when 56416508 is divided by 64?
60
What is the remainder when 12533192 is divided by 4177727?
11
Calculate the remainder when 80361 is divided by 4449.
279
What is the remainder when 1489956 is divided by 742?
20
What is the remainder when 4491404 is divided by 119?
106
Calculate the remainder when 880766 is divided by 166.
136
Calculate the remainder when 153016 is divided by 267.
25
Calculate the remainder when 303673799 is divided by 111.
110
Calculate the remainder when 34943 is divided by 34863.
80
What is the remainder when 30453 is divided by 1179?
978
Calculate the remainder when 35000 is divided by 1637.
623
What is the remainder when 2634945 is divided by 3241?
12
What is the remainder when 3374155 is divided by 16?
11
What is the remainder when 81391 is divided by 2816?
2543
What is the remainder when 617503 is divided by 34204?
1831
Calculate the remainder when 147752 is divided by 1112.
968
What is the remainder when 10269968 is divided by 690?
8
What is the remainder when 401501 is divided by 1504?
1437
What is the remainder when 268509 is divided by 906?
333
Calculate the remainder when 500102 is divided by 55565.
17
What is the remainder when 508239 is divided by 514?
407
What is the remainder when 59843455 is divided by 19947813?
16
Calculate the remainder when 11660663 is divided by 1336.
55
What is the remainder when 110403 is divided by 1253?
139
What is the remainder when 350570 is divided by 174410?
1750
What is the remainder when 524119 is divided by 787?
764
Calculate the remainder when 328451026 is divided by 163.
158
What is the remainder when 8999915 is divided by 1830?
1805
What is the remainder when 5853108 is divided by 67276?
96
Calculate the remainder when 35168721 is divided by 87.
15
What is the remainder when 291780066 is divided by 18?
12
What is the remainder when 4375440 is divided by 1030?
0
Calculate the remainder when 368377 is divided by 122780.
37
Calculate the remainder when 687313 is divided by 229038.
199
Calculate the remainder when 3427 is divided by 1.
0
Calculate the remainder when 4627511 is divided by 708.
23
What is the remainder when 1370942 is divided by 605?
12
What is the remainder when 32722 is divided by 32479?
243
Calculate the remainder when 853113 is divided by 80.
73
Calculate the remainder when 8473 is divided by 7298.
1175
Calculate the remainder when 1307048 is divided by 43531.
1118
Calculate the remainder when 2335008 is divided by 1000.
8
Calculate the remainder when 4460465 is divided by 1115110.
25
Calculate the remainder when 8391 is divided by 2082.
63
What is the remainder when 15865 is divided by 2633?
67
Calculate the remainder when 3582398 is divided by 2922.
26
What is the remainder when 949024 is divided by 831?
22
What is the remainder when 3475572 is divided by 2715?
372
What is the remainder when 1667879 is divided by 820?
819
What is the remainder when 204645 is divided by 9360?
8085
What is the remainder when 2279894 is divided by 235?
159
What is the remainder when 3453388 is divided by 617?
39
Calculate the remainder when 2894122 is divided by 54.
46
Calculate the remainder when 46327 is divided by 502.
143
What is the remainder when 339505 is divided by 67?
16
What is the remainder when 2174898 is divided by 7?
5
What is the remainder when 4699642 is divided by 810?
22
What is the remainder when 45418 is divided by 2713?
2010
Calculate the remainder when 12126857 is divided by 20.
17
Calculate the remainder when 59505985 is divided by 2605.
2575
Calculate the remainder when 322410 is divided by 160863.
684
Calculate the remainder when 1781442 is divided by 1592.
1586
What is the remainder when 163216 is divided by 105?
46
Calculate the remainder when 6014985 is divided by 4272.
9
What is the remainder when 21695725 is divided by 3615948?
37
What is the remainder when 7208967 is divided by 59?
52
Calculate the remainder when 3604121 is divided by 20713.
59
What is the remainder when 65765 is divided by 193?
145
What is the remainder when 4022941 is divided by 27366?
139
What is the remainder when 355924 is divided by 4845?
2239
What is the remainder when 311610998 is divided by 317?
315
What is the remainder when 769291 is divided by 338?
3
Calculate the remainder when 3170422 is divided by 150.
22
What is the remainder when 44522385 is divided by 2209?
2199
Calculate the remainder when 164694 is divided by 2813.
1540
Calculate the remainder when 197384 is divided by 28194.
26
What is the remainder when 23976152 is divided by 113095?
12
What is the remainder when 70714 is divided by 3212?
50
What is the remainder when 5878330 is divided by 54?
52
What is the remainder when 3719263 is divided by 257?
216
Calculate the remainder when 1992879 is divided by 86.
1
Calculate the remainder when 6711734 is divided by 467.
10
What is the remainder when 2055573 is divided by 2089?
2086
Calculate the remainder when 111842878 is divided by 20.
18
Calculate the remainder when 28866877 is divided by 26.
13
Calculate the remainder when 4298751 is divided by 3115.
51
What is the remainder when 1198483 is divided by 1102?
609
Calculate the remainder when 4248603 is divided by 39.
21
Calculate the remainder when 357514 is divided by 89063.
1262
What is the remainder when 6105723 is divided by 71?
7
What is the remainder when 1081771683 is divided by 13412?
13411
Calculate the remainder when 1395279 is divided by 69.
30
What is the remainder when 1065030 is divided by 3267?
3255
What is the remainder when 213255 is divided by 26655?
15
Calculate the remainder when 1185087 is divided by 440.
167
Calculate the remainder when 5517582 is divided by 8814.
18
What is the remainder when 600571 is divided by 53?
28
What is the remainder when 633280 is divided by 316623?
34
What is the remainder when 100792013 is divided by 80?
13
Calculate the remainder when 7897 i